g = d + f. What is the units digit of g?
7
Suppose -c - y + 1045 = 2*c, 0 = 2*c - 3*y - 704. What is the units digit of c?
9
Let d(n) = -n**2 + 12*n - 1. Suppose -f - 5*o + 24 = 0, -3*o = 7*f - 2*f - 54. Suppose f = 5*l - 46. What is the units digit of d(l)?
0
Suppose 8*l + 23*l - 20987 = 0. What is the tens digit of l?
7
Let b be 10/(-20) + 6/4. Let v(d) = 89*d**2 - 4*d + 4. What is the units digit of v(b)?
9
Let k(c) = 3*c + 9. Let n be k(-3). Let q = 0 + n. Suppose -2*d + 44 = -3*o - 90, q = -4*d - 3*o + 232. What is the tens digit of d?
6
Suppose -h = -5*a - 128, 0 = 2*a + 17 - 15. What is the tens digit of h?
2
Suppose 25 = 5*q - 4*r - 0*r, 0 = -2*q + 2*r + 10. Suppose -4*h = -4*i + 82 + 170, q*h - 51 = -i. What is the units digit of i?
1
Let t(w) be the third derivative of -w**5/30 + w**4/12 + w**3/3 - 4*w**2. Let y be t(3). Let s = 6 - y. What is the tens digit of s?
1
Let i = 851 + -608. What is the hundreds digit of i?
2
Let i(m) = -2*m**3 - 5*m**2 - 4*m. Let l be i(-4). Suppose l = 2*u - u. Let a = u + -36. What is the units digit of a?
8
Let r(k) = -4*k - 3*k + 120 + k + 5*k. Let b be r(0). Suppose 0 = -6*i + 11*i - b. What is the units digit of i?
4
Let f(x) = x**2 + x - 6. Suppose 4*v - 31 = -7. What is the tens digit of f(v)?
3
Let b(h) be the first derivative of -3 - 6*h**2 + h**2 + 36*h + 4*h**2. What is the tens digit of b(0)?
3
Suppose u = 4*u - p - 1869, 0 = -5*p - 15. What is the hundreds digit of u?
6
Let f = 59 - -1. Suppose -4*a + 58 = 2*u - a, -2*u = 4*a - f. What is the units digit of u?
6
Let p(j) = -5*j - 4. Let m(f) = -2*f**2 + 6*f**2 - 13 + 3*f + 9 + f**3. Let x be m(-3). What is the tens digit of p(x)?
1
Let q = -21 - -49. Suppose -5*b = 2*b - q. What is the units digit of 60 + 5/((-5)/b)?
6
Suppose -z = -3*r - 599, z - r = -4*r + 587. What is the hundreds digit of z?
5
Suppose -5*p + 19377 = -3*q, 4*p - q - 9975 = 5528. What is the thousands digit of p?
3
Let r(s) = s**2 + 3*s + 2. Let h(b) = 6*b - 6*b + b**3 - 4*b + 1 + 5*b + 5*b**2. Let j be h(-5). What is the units digit of r(j)?
6
Let l(s) = s**3 + 19*s**2 - 299. What is the hundreds digit of l(-16)?
4
What is the units digit of (-9)/63*-7 + 684?
5
What is the tens digit of 7 + (-4 - (-4 - (150 + 3)))?
6
Let p(q) = -7*q + 11. Let c(f) = 10*f - 16. Let j(l) = 5*c(l) + 7*p(l). Let i be j(6). Suppose -i*g + 60 = -g. What is the units digit of g?
0
Let v = 75 + -75. Suppose v*c + 4*c = 100. What is the units digit of c?
5
Suppose 5*b = -0*b + 990. Suppose l - b = -3*x - 2*l, -4*x + 273 = l. What is the units digit of x?
9
Let b(k) be the second derivative of 0 + 0*k**3 + 1/12*k**4 + 2*k**2 + 5*k. What is the units digit of b(4)?
0
Let c = -10 + 16. Suppose -c*o - 10 = -o. What is the units digit of (-1)/(o/4 - 0)?
2
Let z(b) = b**2 + 3*b + 208. What is the tens digit of z(31)?
6
Let c be 36/4 + (1 - 4). Suppose c*j = 3*j + 117. Suppose 11*o + j = 12*o. What is the tens digit of o?
3
What is the hundreds digit of (-32)/(-16) + 50*35?
7
What is the tens digit of (-12819)/(-21) + (-18)/42?
1
Let y(z) = 5*z + 52. Let s be y(-10). Suppose -6*o = -4*b - 2*o + 820, -b = -s*o - 208. What is the tens digit of b?
0
Suppose 0 = 6*o - 5 - 7. Suppose 4*c = o*c + 2*v + 52, -3*v + 114 = 5*c. What is the tens digit of c?
2
Suppose 1501 - 4469 = -d - z, -4*z = 8. What is the tens digit of d?
7
Let h(m) = -50*m - 83. What is the tens digit of h(-14)?
1
Suppose 5*u = 7*u - 4*p - 100, 0 = 4*u + 2*p - 220. What is the units digit of u?
4
What is the tens digit of -1 + -2 + 3522/3?
7
Let v(w) = -60*w**3 + w**2 - 8*w - 16. What is the hundreds digit of v(-2)?
4
Let k be -9*9*12/(-9). Suppose -5*p + 102 = -k. What is the units digit of 117/7 + 12/p?
7
What is the tens digit of (-2 + 613/3)*3?
0
Let a = 5 - 0. Suppose -3*w + 11 = -1, -a*w = -5*k + 320. What is the units digit of k?
8
Let d = 6 - -29. Let a be (1 + d)*2/6. What is the tens digit of a/20 + 87/5?
1
Let q = -17 - -121. Let h = -279 - -218. Let d = q + h. What is the units digit of d?
3
Let l = 17 + -17. Suppose 4*i - 35 - 13 = l. What is the units digit of i?
2
Suppose -6 = -j + 2*v, 2*j + 6 = -4*v - v. Let k be (-3 - -4)*j/(-2). What is the units digit of (30/(-35))/(k/7)?
6
Suppose 4*g + z = 2050, 4*z - 2056 = -14*g + 10*g. What is the units digit of g?
2
Suppose -4*u + 5*h + 1139 = 0, 508 = 4*u + 4*h - 604. What is the units digit of u?
1
Suppose 3*w = 5*v + 32, 0 = -w - v - 0*v. Let f(z) = z + 2*z + 2*z**2 - 2*z - 6*z - 1. What is the units digit of f(w)?
1
Let q(k) be the first derivative of -k**2 + 1. Let d = 19 + -30. What is the tens digit of q(d)?
2
Suppose -3*o = -6*o + 75. Let s be (-371)/28 + 6/(-8). Let m = o + s. What is the units digit of m?
1
Let d(l) = -4*l - 32. Let x be d(-7). What is the tens digit of ((-20)/x)/((-3)/(-144))?
4
Suppose -2 = b - 2*c, b - 3*c - 4 = 3*b. What is the tens digit of (b - (-24)/6) + 268?
7
Let u(j) = -j**2 - 26*j + 2. What is the tens digit of u(-20)?
2
Suppose 0 = 22*x - 17*x - 45. Suppose 38 = j + x. What is the units digit of j?
9
Let t be (1/(-2))/((-5)/40). Suppose -t*y + 0*y + 29 = b, 5*y - 115 = -5*b. Suppose -2*p + b = z, -2*p = -2*z + 7 + 23. What is the tens digit of z?
1
Let v be 0*(-2)/(-4) + 15. Let b = v - 10. Suppose -b*x = -4*x - 32. What is the tens digit of x?
3
Suppose -5*a + 8*a - 12 = 0. What is the tens digit of (-64)/(0 - a) + -1?
1
What is the hundreds digit of 9/(245/(-82) - -3)?
7
Let h = 57 + -52. Let r(y) = -y**3 + 14*y**2 - 12*y - 11. Let s be r(13). Suppose -h*k + 75 = -s*k - 3*j, 4*k + j - 115 = 0. What is the units digit of k?
8
Let v = -233 + 400. Let i = v + -58. What is the hundreds digit of i?
1
Suppose 0*m + 5*m + s - 1332 = 0, -3*m + 790 = -4*s. Suppose 7*j - 14 - m = 0. What is the tens digit of j?
4
Let d be 2*(1 + (-42)/4). Let a = 7 - d. Suppose g = 3*g - a. What is the units digit of g?
3
Let o(x) = -x**3 - 10*x**2 - 7*x + 15. Let t be o(-9). Let r = t + 29. What is the tens digit of r?
2
Let l(y) = y + 1. Let t be l(9). What is the units digit of (-16)/(-40) + 186/t?
9
Let g(c) = c**3 - 6*c**2 + 5. Let b be g(6). Let i(x) = 5*x**2 - 13*x + 7. What is the units digit of i(b)?
7
Suppose -16*v + 976 = -14*v. What is the tens digit of v?
8
Suppose -252*i = -257*i + 1285. What is the tens digit of i?
5
Let c(i) be the third derivative of -5*i**4/24 + 7*i**3/3 + 14*i**2. What is the tens digit of c(-6)?
4
Suppose -2*q - c - 20 = 0, -c + 14 = -5*q - 29. Let g be 6/q + 238/6. Let k = g + -29. What is the tens digit of k?
1
Suppose -821 = 7*y - 1962. What is the tens digit of y?
6
Suppose 0 = -6*k + 4*k + 16. Let f be 1 + (-4)/k*-124. Let h = -36 + f. What is the tens digit of h?
2
Let w be (102/(-4))/((-9)/48). Let n = w + -85. Suppose -3*o + n = -0*o. What is the units digit of o?
7
Let b(j) = -j**2 - 2*j + 7. Let l(u) = -u**2 - 3*u + 7. Let y be (-1 - -1) + -3 + 6. Let z(o) = y*b(o) - 2*l(o). What is the units digit of z(0)?
7
What is the units digit of 11 - (-18 + 6 + -2586)?
9
Let i(b) = 2*b**3 + 8*b**2 - 14*b + 4. What is the units digit of i(3)?
8
What is the units digit of ((-10)/8 - 2)/((-5)/200)?
0
Suppose 4*o = 0, 4*x = 3*o - 2 - 6. What is the units digit of 561/12 + x/(-8)?
7
Suppose -x - 4*b - 23 = 0, 3*x + b + 17 = 3. Let z(n) = -10*n + 3. Let q(i) = -i + 1. Let c(a) = -4*q(a) + z(a). What is the tens digit of c(x)?
1
Suppose -d + 28 = -3*o, -2*d - o = -3*d + 22. What is the tens digit of d/(0 + 4 + -3)?
1
Let u be 2 + (0 - 2) - 2. Let y(n) be the third derivative of -n**6/120 + n**5/20 + n**4/12 + n**3/6 + 11*n**2. What is the units digit of y(u)?
7
Suppose 35*x - 34320 = -25*x. What is the units digit of x?
2
Let n(h) be the third derivative of 0 - 1/6*h**5 - 13/6*h**3 + 0*h + 2*h**2 + 7/24*h**4 - 1/120*h**6. What is the units digit of n(-11)?
1
Let n = -571 - -596. What is the tens digit of n?
2
What is the units digit of 2211/(-134)*80/(-6)?
0
Suppose 0 = 3*h - h. Suppose h = -3*o + 5 - 17. What is the units digit of (14/21)/(o/(-54))?
9
Let j = -67 + -285. Let g = -181 - j. What is the units digit of g?
1
Let f = 38 - -193. Suppose -f = 5*y - 12*y. What is the units digit of y?
3
Let k(h) = -h**2 + 9*h - 12. Let r be k(6). Let i(p) = 5*p - 11. What is the units digit of i(r)?
9
Let w = 941 + -558. What is the tens digit